{"id":54,"date":"2025-03-07T09:39:40","date_gmt":"2025-03-07T09:39:40","guid":{"rendered":"https:\/\/schlossereipauli.ch\/?page_id=54"},"modified":"2025-03-14T08:18:36","modified_gmt":"2025-03-14T08:18:36","slug":"uber-mich","status":"publish","type":"page","link":"https:\/\/schlossereipauli.ch\/index.php\/uber-mich\/","title":{"rendered":"\u00dcber mich"},"content":{"rendered":"<h1>\u00fcber mich<\/h1>\n<hr>\n<h2>Direkt und massgeschneidert<\/h2>\n<div>Als Kleinbetrieb bin ich Ihr direkter Ansprechpartner und k\u00fcmmer mich pers\u00f6nlich um jedes Projekt. Durch meine Arbeit vor Ort und die enge Zusammenarbeit mit Ihnen habe ich die M\u00f6glichkeit auf Ihre W\u00fcnsche und Vorstellungen einzugehen. Durch direkte Kommunikation und Kreativit\u00e4t finden wir zusammen zu den ma\u00dfgeschneiderten L\u00f6sungen.<\/div>\n<h2>Es wird Pers\u00f6nlich<\/h2>\n<div>Ich arbeite gerne mit regionalen Kunden und Unternehmen zusammen, weil ich \u00fcberzeugt bin, dass gute Partnerschaften in der N\u00e4he wachsen. Gemeinsam entwickeln wir kreative und funktionale L\u00f6sungen, die perfekt zu Ihnen und Ihrem Projekt passen. Dabei bleibt stets der pers\u00f6nliche Kontakt im Vordergrund, was die Zusammenarbeit unkompliziert und angenehm macht.<\/div>\n<h2>Mit Herzblut bei der Sache<\/h2>\n<div>In meiner Arbeit steckt nicht nur Handwerkskunst, sondern auch viel Leidenschaft f\u00fcr das, was ich tue. Wenn Sie jemanden suchen, der mit Herzblut bei der Sache ist, dann bin ich genau der richtige f\u00fcr Sie.<\/div>\n<p><p>\n        <a href=\"\/index.php\/kontakt\/\">Kontakt<\/a>\n    <\/p>\n<\/p>\n<p><!--more--><br \/>\n<!-- {\"type\":\"layout\",\"children\":[{\"name\":\"About\",\"type\":\"section\",\"props\":{\"image_position\":\"center-center\",\"padding\":\"large\",\"style\":\"default\",\"title_breakpoint\":\"xl\",\"title_position\":\"top-left\",\"title_rotation\":\"left\",\"vertical_align\":\"\",\"width\":\"\"},\"children\":[{\"type\":\"row\",\"props\":{\"column_gap\":\"large\",\"layout\":\"1-2,1-2\",\"row_gap\":\"large\",\"width\":\"default\"},\"children\":[{\"type\":\"column\",\"props\":{\"image_position\":\"center-center\",\"padding\":\"xlarge\",\"position_sticky_breakpoint\":\"m\",\"width_medium\":\"1-2\"},\"children\":[{\"type\":\"headline\",\"props\":{\"content\":\"\\u00fcber mich\",\"title_element\":\"h1\",\"title_style\":\"heading-medium\"}},{\"type\":\"divider\",\"props\":{\"divider_element\":\"hr\",\"divider_style\":\"small\"}},{\"type\":\"headline\",\"props\":{\"content\":\"Direkt und massgeschneidert\",\"margin\":\"large\",\"margin_remove_top\":false,\"maxwidth\":\"2xlarge\",\"title_element\":\"h2\"}},{\"type\":\"text\",\"props\":{\"column_breakpoint\":\"m\",\"content\":\"Als Kleinbetrieb bin ich Ihr direkter Ansprechpartner und k\\u00fcmmer mich pers\\u00f6nlich um jedes Projekt. Durch meine Arbeit vor Ort und die enge Zusammenarbeit mit Ihnen habe ich die M\\u00f6glichkeit auf Ihre W\\u00fcnsche und Vorstellungen einzugehen. Durch direkte Kommunikation und Kreativit\\u00e4t finden wir zusammen zu den ma\\u00dfgeschneiderten L\\u00f6sungen.\",\"margin\":\"medium\",\"maxwidth\":\"2xlarge\"}},{\"type\":\"headline\",\"props\":{\"content\":\"Es wird Pers\\u00f6nlich\",\"margin\":\"xlarge\",\"margin_remove_bottom\":true,\"title_element\":\"h2\"}},{\"type\":\"text\",\"props\":{\"column_breakpoint\":\"m\",\"content\":\"Ich arbeite gerne mit regionalen Kunden und Unternehmen zusammen, weil ich \\u00fcberzeugt bin, dass gute Partnerschaften in der N\\u00e4he wachsen. Gemeinsam entwickeln wir kreative und funktionale L\\u00f6sungen, die perfekt zu Ihnen und Ihrem Projekt passen. Dabei bleibt stets der pers\\u00f6nliche Kontakt im Vordergrund, was die Zusammenarbeit unkompliziert und angenehm macht.\",\"margin\":\"medium\",\"maxwidth\":\"2xlarge\"}},{\"type\":\"headline\",\"props\":{\"content\":\"Mit Herzblut bei der Sache\",\"margin\":\"xlarge\",\"margin_remove_bottom\":true,\"title_element\":\"h2\"}},{\"type\":\"text\",\"props\":{\"column_breakpoint\":\"m\",\"content\":\"In meiner Arbeit steckt nicht nur Handwerkskunst, sondern auch viel Leidenschaft f\\u00fcr das, was ich tue. Wenn Sie jemanden suchen, der mit Herzblut bei der Sache ist, dann bin ich genau der richtige f\\u00fcr Sie.\",\"margin\":\"medium\",\"maxwidth\":\"2xlarge\"}},{\"type\":\"button\",\"props\":{\"grid_column_gap\":\"\",\"grid_row_gap\":\"\",\"margin\":\"medium\"},\"children\":[{\"type\":\"button_item\",\"props\":{\"button_style\":\"default\",\"content\":\"Kontakt\",\"dialog_layout\":\"modal\",\"dialog_offcanvas_flip\":true,\"icon_align\":\"left\",\"link\":\"index.php\\\/kontakt\\\/\",\"link_target\":\"blank\"}}]}]},{\"type\":\"column\",\"props\":{\"image\":\"wp-content\\\/uploads\\\/2025\\\/03\\\/schlosserei-pauli-domenic-pauli.jpg\",\"image_effect\":\"parallax\",\"image_parallax_bgx\":\"160\",\"image_position\":\"center-center\",\"image_size\":\"cover\",\"padding\":\"none\",\"position_sticky_breakpoint\":\"m\",\"style\":\"tile-secondary\",\"width_medium\":\"1-2\"}}]}]}],\"version\":\"4.5.7\"} --><\/p>\n","protected":false},"excerpt":{"rendered":"<p>\u00fcber mich Direkt und massgeschneidert Als Kleinbetrieb bin ich Ihr direkter Ansprechpartner und k\u00fcmmer mich pers\u00f6nlich um jedes Projekt. Durch meine Arbeit vor Ort und die enge Zusammenarbeit mit Ihnen habe ich die M\u00f6glichkeit auf Ihre W\u00fcnsche und Vorstellungen einzugehen. Durch direkte Kommunikation und Kreativit\u00e4t finden wir zusammen zu den ma\u00dfgeschneiderten L\u00f6sungen. Es wird Pers\u00f6nlich [&hellip;]<\/p>\n","protected":false},"author":1,"featured_media":0,"parent":0,"menu_order":0,"comment_status":"closed","ping_status":"closed","template":"","meta":{"footnotes":""},"class_list":["post-54","page","type-page","status-publish","hentry"],"yoast_head":"<!-- This site is optimized with the Yoast SEO plugin v24.6 - https:\/\/yoast.com\/wordpress\/plugins\/seo\/ -->\n<title>\u00dcber mich - Schlosserei Pauli<\/title>\n<meta name=\"robots\" content=\"index, follow, max-snippet:-1, max-image-preview:large, max-video-preview:-1\" \/>\n<link rel=\"canonical\" href=\"https:\/\/schlossereipauli.ch\/index.php\/uber-mich\/\" \/>\n<meta property=\"og:locale\" content=\"de_DE\" \/>\n<meta property=\"og:type\" content=\"article\" \/>\n<meta property=\"og:title\" content=\"\u00dcber mich - Schlosserei Pauli\" \/>\n<meta property=\"og:description\" content=\"\u00fcber mich Direkt und massgeschneidert Als Kleinbetrieb bin ich Ihr direkter Ansprechpartner und k\u00fcmmer mich pers\u00f6nlich um jedes Projekt. Durch meine Arbeit vor Ort und die enge Zusammenarbeit mit Ihnen habe ich die M\u00f6glichkeit auf Ihre W\u00fcnsche und Vorstellungen einzugehen. Durch direkte Kommunikation und Kreativit\u00e4t finden wir zusammen zu den ma\u00dfgeschneiderten L\u00f6sungen. Es wird Pers\u00f6nlich [&hellip;]\" \/>\n<meta property=\"og:url\" content=\"https:\/\/schlossereipauli.ch\/index.php\/uber-mich\/\" \/>\n<meta property=\"og:site_name\" content=\"Schlosserei Pauli\" \/>\n<meta property=\"article:modified_time\" content=\"2025-03-14T08:18:36+00:00\" \/>\n<meta name=\"twitter:card\" content=\"summary_large_image\" \/>\n<meta name=\"twitter:label1\" content=\"Gesch\u00e4tzte Lesezeit\" \/>\n\t<meta name=\"twitter:data1\" content=\"1\u00a0Minute\" \/>\n<script type=\"application\/ld+json\" class=\"yoast-schema-graph\">{\"@context\":\"https:\/\/schema.org\",\"@graph\":[{\"@type\":\"WebPage\",\"@id\":\"https:\/\/schlossereipauli.ch\/index.php\/uber-mich\/\",\"url\":\"https:\/\/schlossereipauli.ch\/index.php\/uber-mich\/\",\"name\":\"\u00dcber mich - Schlosserei Pauli\",\"isPartOf\":{\"@id\":\"https:\/\/schlossereipauli.ch\/#website\"},\"datePublished\":\"2025-03-07T09:39:40+00:00\",\"dateModified\":\"2025-03-14T08:18:36+00:00\",\"breadcrumb\":{\"@id\":\"https:\/\/schlossereipauli.ch\/index.php\/uber-mich\/#breadcrumb\"},\"inLanguage\":\"de\",\"potentialAction\":[{\"@type\":\"ReadAction\",\"target\":[\"https:\/\/schlossereipauli.ch\/index.php\/uber-mich\/\"]}]},{\"@type\":\"BreadcrumbList\",\"@id\":\"https:\/\/schlossereipauli.ch\/index.php\/uber-mich\/#breadcrumb\",\"itemListElement\":[{\"@type\":\"ListItem\",\"position\":1,\"name\":\"Startseite\",\"item\":\"https:\/\/schlossereipauli.ch\/\"},{\"@type\":\"ListItem\",\"position\":2,\"name\":\"\u00dcber mich\"}]},{\"@type\":\"WebSite\",\"@id\":\"https:\/\/schlossereipauli.ch\/#website\",\"url\":\"https:\/\/schlossereipauli.ch\/\",\"name\":\"Schlosserei Pauli\",\"description\":\"Metallbau und Konstruktionen aller Art\",\"publisher\":{\"@id\":\"https:\/\/schlossereipauli.ch\/#organization\"},\"potentialAction\":[{\"@type\":\"SearchAction\",\"target\":{\"@type\":\"EntryPoint\",\"urlTemplate\":\"https:\/\/schlossereipauli.ch\/?s={search_term_string}\"},\"query-input\":{\"@type\":\"PropertyValueSpecification\",\"valueRequired\":true,\"valueName\":\"search_term_string\"}}],\"inLanguage\":\"de\"},{\"@type\":\"Organization\",\"@id\":\"https:\/\/schlossereipauli.ch\/#organization\",\"name\":\"Schlosserei Pauli\",\"url\":\"https:\/\/schlossereipauli.ch\/\",\"logo\":{\"@type\":\"ImageObject\",\"inLanguage\":\"de\",\"@id\":\"https:\/\/schlossereipauli.ch\/#\/schema\/logo\/image\/\",\"url\":\"https:\/\/schlossereipauli.ch\/wp-content\/uploads\/2025\/02\/Schlosserei-Pauli-Logo-Line.svg\",\"contentUrl\":\"https:\/\/schlossereipauli.ch\/wp-content\/uploads\/2025\/02\/Schlosserei-Pauli-Logo-Line.svg\",\"width\":1,\"height\":1,\"caption\":\"Schlosserei Pauli\"},\"image\":{\"@id\":\"https:\/\/schlossereipauli.ch\/#\/schema\/logo\/image\/\"}}]}<\/script>\n<!-- \/ Yoast SEO plugin. -->","yoast_head_json":{"title":"\u00dcber mich - Schlosserei Pauli","robots":{"index":"index","follow":"follow","max-snippet":"max-snippet:-1","max-image-preview":"max-image-preview:large","max-video-preview":"max-video-preview:-1"},"canonical":"https:\/\/schlossereipauli.ch\/index.php\/uber-mich\/","og_locale":"de_DE","og_type":"article","og_title":"\u00dcber mich - Schlosserei Pauli","og_description":"\u00fcber mich Direkt und massgeschneidert Als Kleinbetrieb bin ich Ihr direkter Ansprechpartner und k\u00fcmmer mich pers\u00f6nlich um jedes Projekt. Durch meine Arbeit vor Ort und die enge Zusammenarbeit mit Ihnen habe ich die M\u00f6glichkeit auf Ihre W\u00fcnsche und Vorstellungen einzugehen. Durch direkte Kommunikation und Kreativit\u00e4t finden wir zusammen zu den ma\u00dfgeschneiderten L\u00f6sungen. Es wird Pers\u00f6nlich [&hellip;]","og_url":"https:\/\/schlossereipauli.ch\/index.php\/uber-mich\/","og_site_name":"Schlosserei Pauli","article_modified_time":"2025-03-14T08:18:36+00:00","twitter_card":"summary_large_image","twitter_misc":{"Gesch\u00e4tzte Lesezeit":"1\u00a0Minute"},"schema":{"@context":"https:\/\/schema.org","@graph":[{"@type":"WebPage","@id":"https:\/\/schlossereipauli.ch\/index.php\/uber-mich\/","url":"https:\/\/schlossereipauli.ch\/index.php\/uber-mich\/","name":"\u00dcber mich - Schlosserei Pauli","isPartOf":{"@id":"https:\/\/schlossereipauli.ch\/#website"},"datePublished":"2025-03-07T09:39:40+00:00","dateModified":"2025-03-14T08:18:36+00:00","breadcrumb":{"@id":"https:\/\/schlossereipauli.ch\/index.php\/uber-mich\/#breadcrumb"},"inLanguage":"de","potentialAction":[{"@type":"ReadAction","target":["https:\/\/schlossereipauli.ch\/index.php\/uber-mich\/"]}]},{"@type":"BreadcrumbList","@id":"https:\/\/schlossereipauli.ch\/index.php\/uber-mich\/#breadcrumb","itemListElement":[{"@type":"ListItem","position":1,"name":"Startseite","item":"https:\/\/schlossereipauli.ch\/"},{"@type":"ListItem","position":2,"name":"\u00dcber mich"}]},{"@type":"WebSite","@id":"https:\/\/schlossereipauli.ch\/#website","url":"https:\/\/schlossereipauli.ch\/","name":"Schlosserei Pauli","description":"Metallbau und Konstruktionen aller Art","publisher":{"@id":"https:\/\/schlossereipauli.ch\/#organization"},"potentialAction":[{"@type":"SearchAction","target":{"@type":"EntryPoint","urlTemplate":"https:\/\/schlossereipauli.ch\/?s={search_term_string}"},"query-input":{"@type":"PropertyValueSpecification","valueRequired":true,"valueName":"search_term_string"}}],"inLanguage":"de"},{"@type":"Organization","@id":"https:\/\/schlossereipauli.ch\/#organization","name":"Schlosserei Pauli","url":"https:\/\/schlossereipauli.ch\/","logo":{"@type":"ImageObject","inLanguage":"de","@id":"https:\/\/schlossereipauli.ch\/#\/schema\/logo\/image\/","url":"https:\/\/schlossereipauli.ch\/wp-content\/uploads\/2025\/02\/Schlosserei-Pauli-Logo-Line.svg","contentUrl":"https:\/\/schlossereipauli.ch\/wp-content\/uploads\/2025\/02\/Schlosserei-Pauli-Logo-Line.svg","width":1,"height":1,"caption":"Schlosserei Pauli"},"image":{"@id":"https:\/\/schlossereipauli.ch\/#\/schema\/logo\/image\/"}}]}},"_links":{"self":[{"href":"https:\/\/schlossereipauli.ch\/index.php\/wp-json\/wp\/v2\/pages\/54","targetHints":{"allow":["GET"]}}],"collection":[{"href":"https:\/\/schlossereipauli.ch\/index.php\/wp-json\/wp\/v2\/pages"}],"about":[{"href":"https:\/\/schlossereipauli.ch\/index.php\/wp-json\/wp\/v2\/types\/page"}],"author":[{"embeddable":true,"href":"https:\/\/schlossereipauli.ch\/index.php\/wp-json\/wp\/v2\/users\/1"}],"replies":[{"embeddable":true,"href":"https:\/\/schlossereipauli.ch\/index.php\/wp-json\/wp\/v2\/comments?post=54"}],"version-history":[{"count":11,"href":"https:\/\/schlossereipauli.ch\/index.php\/wp-json\/wp\/v2\/pages\/54\/revisions"}],"predecessor-version":[{"id":160,"href":"https:\/\/schlossereipauli.ch\/index.php\/wp-json\/wp\/v2\/pages\/54\/revisions\/160"}],"wp:attachment":[{"href":"https:\/\/schlossereipauli.ch\/index.php\/wp-json\/wp\/v2\/media?parent=54"}],"curies":[{"name":"wp","href":"https:\/\/api.w.org\/{rel}","templated":true}]}}